en 232 is divided by t.
4
Let o be 3 + -1 - (-1 + 21). Let t be (-4)/6 - 84/o. Suppose 0 = 4*l + t*b - 144, 0 = -4*b + 2*b - 4. What is the remainder when l is divided by 10?
8
Let b(r) = -r**3 - 9*r**2 - 15*r - 21. What is the remainder when 99 is divided by b(-8)?
29
Let w be (-45)/(-90) + (1 - 210/(-4)). Suppose -w = -2*q - 3*j, 2*q - j - 2*j = 78. Calculate the remainder when 195 is divided by q.
30
Let j = 130 - 125. Let d(k) = -2*k + 43. What is the remainder when 229 is divided by d(j)?
31
Let w = 23 + -11. Suppose 2*r = -2*k + 28, k - 2 - 7 = 4*r. Suppose k = 5*n - 22. What is the remainder when w is divided by n?
5
Let z(j) = -2*j - 3. Let g be z(9). Let k be (-6)/g + 90/(-21). Let d = k - -10. What is the remainder when 23 is divided by d?
5
What is the remainder when ((-456)/(-144))/((-2)/(-36)) is divided by 49?
8
Suppose z - 13 = -g + 47, 0 = -5*z - g + 316. Calculate the remainder when 109 is divided by z.
45
Let t be (-2)/(10/(-12) + 1). Let d = t + 12. Calculate the remainder when (d - 56 - 3)/(-1) is divided by 15.
14
Calculate the remainder when (-6)/(-4)*(27 - -241) is divided by 81.
78
Let r = 4708 + -4701. Suppose 37 = 3*p - 2. What is the remainder when p is divided by r?
6
Let j be ((-6)/4)/((-9)/12). Suppose -7*x = -j*x - 5. What is the remainder when (-36)/(-54) - 1/(-3) is divided by x?
0
Suppose 4*h = 3*c - 139, 317 = 4*c + 3*h + 90. Let j = 7 - 23. Let k = 31 + j. Calculate the remainder when c is divided by k.
8
Suppose 11*t - 45 = -12. Calculate the remainder when 43 is divided by 18 + (t/12 + -1)*4.
13
Let n be (-122)/3 + 6/9. Let s = n - -2. Let g = -26 - s. What is the remainder when 35 is divided by g?
11
Suppose u = -x + 8, 2*u + 4*x - 7 = 3*u. Suppose -4*h = -2*g - 38, u*h + 4*g - 39 = 41. Calculate the remainder when 46 is divided by h.
10
Let h = -27 + 40. Let r = 227 + -204. Calculate the remainder when r is divided by h.
10
Suppose 2*l + 29 = 4*a - 3*l, 22 = 4*a + 2*l. Suppose -19*c + 14*c = -40. Calculate the remainder when c is divided by a.
2
Let x = -37 - -62. Suppose -2*n - 3*s + 12 = n, 5*n - s - 20 = 0. Suppose -n*k - 4*g + 128 = -2*k, -15 = 3*g. What is the remainder when k is divided by x?
24
Let v = 1260 + -205. What is the remainder when v is divided by 132?
131
Suppose -5*p + p = -136. Let x = -25 + p. Calculate the remainder when x is divided by 6.
3
Let d(i) be the first derivative of i**4/4 - 4*i**3/3 + 5*i**2/2 - 4*i - 6. Let z be d(4). Let t = -8 + z. Calculate the remainder when 23 is divided by t.
7
Calculate the remainder when 230 is divided by (6/7)/(((-161)/490)/(-23)).
50
Suppose 3*z - z = -204. Suppose -4*h + 56 = -4*q, 0*h = 5*h + 4*q - 106. What is the remainder when (z/(-18))/(1/6) is divided by h?
16
Let k(f) = 16 - 9 - f + 26. What is the remainder when k(6) is divided by 14?
13
Suppose 0 = t + 4*f - 15, -3 = 3*f + 3. Suppose -3*q + 5*c + t = -2*q, c = 2*q - 82. Let n = 2 + 9. What is the remainder when q is divided by n?
10
What is the remainder when 7258/57 - 1*(-4)/6 is divided by 65?
63
Calculate the remainder when (-2)/21 - (-27584)/336 is divided by 8/(-10)*(-14 + -1).
10
Let u(m) be the third derivative of -m**4/3 - 3*m**3/2 + 8*m**2. Calculate the remainder when u(-4) is divided by 12.
11
What is the remainder when 716 is divided by 1*30/(-4)*32/(-5)?
44
Suppose -m = 1 - 4. Let f = m + -3. Suppose 2*w - 3*w + 13 = f. What is the remainder when 23 is divided by w?
10
Let p(z) = -2*z**3 - 6 + 5*z**2 + 5*z**3 - 2*z**3 - 4*z. Suppose -2*s + u + 6 = -3*u, 7 = s - 3*u. Calculate the remainder when p(s) is divided by 8.
6
Suppose 4*t - 2*o + 54 = 0, -t - 13 - 18 = -4*o. Let m = 18 + t. Let u = m - -6. Calculate the remainder when 38 is divided by u.
12
Let s = -970 - -989. Let j = 4 - -2. Calculate the remainder when s is divided by j.
1
Suppose -3*m + 3*h - 46 = -5*m, 4*m - 70 = 5*h. Suppose -z + 0 + m = 0. Calculate the remainder when 79 is divided by z.
19
Suppose 52 = -2*v - 2*v. Let y = 69 + v. What is the remainder when y is divided by 30?
26
Suppose 226 = 4*s - 2*i + 78, i = -3*s + 106. Suppose 5*v - s - 14 = 0. Let h = v + 16. What is the remainder when h is divided by 7?
5
Suppose -7848 = -80*b + 8*b. Calculate the remainder when 543 is divided by b.
107
Let d(o) = -4*o. Let t(g) = -99*g. Let l(a) = 153*d(a) - 6*t(a). Let b = 92 - 59. What is the remainder when b is divided by l(-1)?
15
Let f = 6 + 29. Let j = 68 - f. What is the remainder when j is divided by 4/20 + 132/15?
6
Suppose 0 = 3*b + 575 + 61. Let d = b - -314. Calculate the remainder when d is divided by 21.
18
Let l = -4 - -6. Suppose -5*m + 187 = -2*j, l*m - 66 = 6*j - 3*j. Calculate the remainder when m is divided by (-830)/(-40) + (-9)/12.
19
Let v(s) = s**3 + 29*s**2 + 78*s + 22. Suppose 73 = 3*i - 35. Calculate the remainder when i is divided by v(-26).
14
Let f(p) = p**2 - 9*p + 6. Let j(m) = -m**2 - 2 + 2*m + m**2 + 6*m**3 - 5*m**3. Let q be j(2). Calculate the remainder when 31 is divided by f(q).
15
Suppose -4*i - 4*x + 3568 = 0, -14*x - 4500 = -5*i - 11*x. Calculate the remainder when i is divided by 10.
7
Let q(b) = -b**3 + 11*b**2 - b. Let f be q(8). Suppose -4*g + f = 4*g. Calculate the remainder when 44 is divided by g.
21
What is the remainder when 64 is divided by 94804/1903 + 0 + (-4)/(-22)?
14
Suppose 64*f - 210 = 49*f. Suppose 0 = -u + 3*x + 38, 0 = u + 5*x - 103 + 25. What is the remainder when u is divided by f?
11
Calculate the remainder when ((-4)/6)/((-1)/27) is divided by 10.
8
Suppose 2 = 4*u - 14. Let b(t) = 448*t**3 + t - 7*t - 5 - u*t**2 - 449*t**3. What is the remainder when b(-4) is divided by 5?
4
Let y(o) = -o**2 - 12*o + 12. Let p be 1/1 - (9 + 62). Let v = p + 112. Calculate the remainder when v is divided by y(-12).
6
Let y(d) = -d + 5. Suppose 4*j + 31 + 13 = 0. Calculate the remainder when y(j) is divided by 9.
7
Suppose a + a - 18 = 0. Let b(h) = h + 13. What is the remainder when 103 is divided by b(a)?
15
Suppose 12*r - 2*r = 280. Calculate the remainder when r is divided by 21.
7
Calculate the remainder when ((-417)/(-5))/(-12 - (-915)/75) is divided by 106.
99
Suppose 3*u + 14280 = 63*u. Calculate the remainder when u is divided by 30.
28
Let z(l) = -2*l**2 - 24*l - 22. Calculate the remainder when 51 is divided by z(-10).
15
Let d(o) = -o**2 - 16*o - 6. Let q be d(-12). Suppose -4*r + q = -54. Calculate the remainder when r is divided by 12.
0
Suppose 0 = -3*l + 429 - 0. What is the remainder when l is divided by 48?
47
Let b(a) = 4*a - 3. Let l be b(3). Suppose -6*m - 75 = -l*m. Suppose -2*q = 5*g - 67, 5*g + 0*q - q = 64. Calculate the remainder when m is divided by g.
12
Let q(g) = -g**2 - 19*g + 7. Suppose 0 = 5*x + 5*k + 35, -5*x + 2*k = -3*k + 15. What is the remainder when q(x) is divided by 8?
5
Let g be (-18)/(-4)*(-68)/2. Let f = g + 224. What is the remainder when f is divided by 8?
7
Let d(g) = 15*g**2 - g. Suppose 133 = 23*v - 235. What is the remainder when d(2) is divided by v?
10
Suppose 7 + 67 = 26*y - 4. Let h be 12*((-3)/2)/3. Let s(z) = z**2 + 6*z + 3. Calculate the remainder when y is divided by s(h).
0
Let y be (-522)/(-15)*70/(-21). Let k = -63 - y. What is the remainder when k is divided by 8?
5
Let z be 9/(-12)*(-4)/1 - 0. Suppose -j - 122 = -z*j + 3*l, -61 = -j + 4*l. Calculate the remainder when 181 is divided by j.
59
Let a(l) = -l**3 + 20*l**2 - 95*l - 2. Let f(g) = g**3 - 4*g**2 - 3*g - 4. Let j be f(5). Calculate the remainder when (-4)/j*69/(-2) is divided by a(8).
5
Suppose k - h = 1832, -1310 = 2*k + 3*h - 4969. What is the remainder when k is divided by 13?
11
Suppose 197*h - 190*h = 455. What is the remainder when 94 is divided by h?
29
Suppose 15 = -20*j + 21*j. Suppose -3*o + 48 = j. Let b = 5 + o. Calculate the remainder when 63 is divided by b.
15
Let h(w) = -2*w - 5. Let f be h(-7). Let p = 8 + f. What is the remainder when 32 is divided by p?
15
Suppose -15*c = 18 - 93. Calculate the remainder when 34 is divided by c.
4
Let y(n) = 4*n**2 - 35*n + 16. Calculate the remainder when 391 is divided by y(10).
61
Calculate the remainder when (-68)/(-5)*7/(98/35) is divided by 7.
6
Suppose -2*x + 12 + 6 = 0. Suppose 0 = -0*z + 3*z - 4*w - 4, z - w - 2 = 0. Suppose -x = -a + z. What is the remainder when 62 is divided by a